6?
6
What is the ten thousands digit of 7079793620?
9
What is the millions digit of 876806185?
6
What is the ten millions digit of 236932355?
3
What is the millions digit of 457340697?
7
What is the units digit of 585728396?
6
What is the units digit of 292655007?
7
What is the millions digit of 7463254?
7
What is the ten millions digit of 13306508?
1
What is the thousands digit of 788255935?
5
What is the thousands digit of 2864976948?
6
What is the ten millions digit of 2312781254?
1
What is the tens digit of 730462345?
4
What is the tens digit of 17868044?
4
What is the millions digit of 100205876?
0
What is the units digit of 1460212520?
0
What is the ten millions digit of 2273655932?
7
What is the millions digit of 5345869689?
5
What is the thousands digit of 55256639?
6
What is the tens digit of 738502853?
5
What is the millions digit of 4164979572?
4
What is the units digit of 117467267?
7
What is the hundred thousands digit of 5016690074?
6
What is the units digit of 48526148?
8
What is the hundred thousands digit of 184935573?
9
What is the tens digit of 5370081055?
5
What is the millions digit of 114535603?
4
What is the hundred thousands digit of 160470802?
4
What is the hundreds digit of 807548989?
9
What is the hundreds digit of 2957642090?
0
What is the hundred thousands digit of 999199210?
1
What is the millions digit of 1354467975?
4
What is the ten millions digit of 5568799197?
6
What is the hundred thousands digit of 15106930?
1
What is the hundreds digit of 279284543?
5
What is the tens digit of 3384440354?
5
What is the thousands digit of 30959732?
9
What is the hundred millions digit of 116114462?
1
What is the hundred thousands digit of 6143966194?
9
What is the hundred thousands digit of 474949768?
9
What is the tens digit of 215168421?
2
What is the millions digit of 1030081268?
0
What is the units digit of 40309414?
4
What is the hundred thousands digit of 5100908386?
9
What is the ten thousands digit of 50866861?
6
What is the units digit of 31421649?
9
What is the hundred thousands digit of 198018836?
0
What is the hundred thousands digit of 3744116881?
1
What is the ten thousands digit of 111905934?
0
What is the ten thousands digit of 141699844?
9
What is the ten millions digit of 56067724?
5
What is the tens digit of 924382454?
5
What is the hundred thousands digit of 198717554?
7
What is the units digit of 5057690826?
6
What is the ten millions digit of 1333539393?
3
What is the units digit of 41613168?
8
What is the hundred millions digit of 5127396225?
1
What is the ten millions digit of 55441785?
5
What is the billions digit of 3127135907?
3
What is the thousands digit of 901039246?
9
What is the ten thousands digit of 17985168?
8
What is the millions digit of 277697525?
7
What is the ten millions digit of 94932014?
9
What is the tens digit of 12335206?
0
What is the ten thousands digit of 252287243?
8
What is the hundreds digit of 1333952246?
2
What is the units digit of 473690014?
4
What is the thousands digit of 142580008?
0
What is the thousands digit of 95072455?
2
What is the ten thousands digit of 5215701939?
0
What is the units digit of 150056563?
3
What is the ten millions digit of 48555638?
4
What is the tens digit of 64223076?
7
What is the hundreds digit of 9693297?
2
What is the millions digit of 8943110?
8
What is the ten millions digit of 238987269?
3
What is the hundred thousands digit of 3459063?
4
What is the units digit of 520856420?
0
What is the tens digit of 32719105?
0
What is the tens digit of 2113569343?
4
What is the billions digit of 1462524088?
1
What is the hundreds digit of 3127375054?
0
What is the thousands digit of 684623055?
3
What is the hundreds digit of 4997535001?
0
What is the hundred thousands digit of 341617429?
6
What is the hundred thousands digit of 76815282?
8
What is the hundreds digit of 8205739894?
8
What is the millions digit of 735408464?
5
What is the hundreds digit of 1023491085?
0
What is the ten millions digit of 121670679?
2
What is the units digit of 2670209235?
5
What is the thousands digit of 3217777722?
7
What is the millions digit of 96367745?
6
What is the units digit of 2360228913?
3
What is the hundred thousands digit of 66103724?
1
What is the hundreds digit of 267082997?
9
What is the hundreds digit of 681924807?
8
What is the ten thousands digit of 29227814?
2
What is the units digit of 2126812464?
4
What is the tens digit of 179625246?
4
What is the ten thousands digit of 3762643204?
4
What is the hundreds digit of 4103607228?
2
What is the tens digit of 77804832?
3
What is the units digit of 30262859?
9
What is the hundreds digit of 133484352?
3
What is the ten thousands digit of 3468160505?
6
What is the tens digit of 22357875?
7
What is the ten thousands digit of 47327045?
2
What is the ten thousands digit of 960140263?
4
What is the thousands digit of 1888447404?
7
What is the tens digit of 29541960?
6
What is the ten thousands digit of 122800789?
0
What is the hundred millions digit of 296527199?
2
What is the ten millions digit of 178803282?
7
What is the tens digit of 27232810?
1
What is the hundred thousands digit of 69581788?
5
What is the ten millions digit of 111542689?
1
What is the millions digit of 104267978?
4
What is the units digit of 76516179?
9
What is the hundreds digit of 117767286?
2
What is the ten thousands digit of 56346631?
4
What is the ten millions digit of 674076232?
7
What is the millions digit of 162795874?
2
What is the thousands digit of 4881780466?
0
What is the millions digit of 982529682?
2
What is the ten millions digit of 554604139?
5
What is the units digit of 1070635740?
0
What is the hundreds digit of 186670909?
9
What is the hundred thousands digit of 154433819?
4
What is the thousands digit of 56388735?
8
What is the millions digit of 1083847309?
3
What is the thousands digit of 38332830?
2
What is the tens digit of 55413018?
1
What is the hundred millions digit of 2447996103?
4
What is the hundreds digit of 57769973?
9
What is the units digit of 38485032?
2
What is the thousands digit of 101545048?
5
What is the tens digit of 23847827?
2
What is the millions digit of 273985752?
3
What is the units digit of 406554628?
8
What is the thousands digit of 138793766?
3
What is the thousands digit of 633435116?
5
What is the ten millions digit of 630709488?
3
What is the thousands digit of 760601897?
1
What is the tens digit of 7713654873?
7
What is the millions digit of 1273317556?
3
What is the hundreds digit of 186574478?
4
What is the hundred thousands digit of 5330238838?
2
What is the hundred millions digit of 1618990994?
6
What is the ten thousands digit of 3702972?
0
What is the millions digit of 324451231?
4
What is the millions digit of 22076913?
2
What is the thousands digit of 6396453?
6
What is the ten thousands digit of 1356029041?
2
What is the hundred millions digit of 573204599?
5
What is the millions digit of 40185176?
0
What is the hundred millions digit of 813744689?
8
What is the tens digit of 1801002123?
2
What is the units digit of 737411296?
6
What is the ten millions digit of 27889483?
2
What is the thousands digit of 3847319854?
9
What is the billions digit of 1018461768?
1
What is the hundred millions digit of 1156365688?
1
What is the thousands digit of 3157842977?
2
What is the hundreds digit of 56362119?
1
What is the units digit of 28895421?
1
What is the hundred thousands digit of 93922492?
9
What is the ten thousands digit of 312812472?
1
What is the millions digit of 3765236?
3
What is the hundreds digit of 87503152?
1
What is the hundred thousands digit of 2011650749?
6
What is the tens digit of 1398822958?
5
What is the units digit of 160989774?
4
What is the thousands digit of 5653000?
3
What is the tens digit of 2797524253?
5
What is the ten thousands digit of 3661355248?
5
What is the units digit of 77656463?
3
What is the thousands digit of 5940109?
0
What is the hundreds digit of 1114597506?
5
What is the ten thousands digit of 18634755?
3
What is the thousands digit of 117244994?
4
What is the ten millions digit of 1178963981?
7
What is the millions digit of 108654482?
8
What is the millions digit of 131407049?
1
What is the hundreds digit of 720483072?
0
What is